{"id":242,"date":"2020-10-06T07:35:27","date_gmt":"2020-10-06T07:35:27","guid":{"rendered":"http:\/\/slbc.lu\/?page_id=242"},"modified":"2024-06-19T17:22:36","modified_gmt":"2024-06-19T17:22:36","slug":"societe-luxembourgeoise-de-biologie-clinique","status":"publish","type":"page","link":"https:\/\/slbc.lu\/","title":{"rendered":"Soci\u00e9t\u00e9 Luxembourgeoise de Biologie Clinique"},"content":{"rendered":"\n<div class=\"wp-block-cover alignfull\" style=\"min-height:1109px;aspect-ratio:unset;\"><span aria-hidden=\"true\" class=\"wp-block-cover__background has-white-background-color has-background-dim-0 has-background-dim\"><\/span><img decoding=\"async\" class=\"wp-block-cover__image-background wp-image-43\" alt=\"\" src=\"https:\/\/slbc.lu\/wp-content\/uploads\/2020\/08\/diagnostic-lab-content-gradient-bg.svg\" style=\"object-position:41% 59%\" data-object-fit=\"cover\" data-object-position=\"41% 59%\"\/><div class=\"wp-block-cover__inner-container is-layout-flow wp-block-cover-is-layout-flow\">\n<div class=\"wp-block-columns alignfull are-vertically-aligned-center is-layout-flex wp-container-core-columns-is-layout-9d6595d7 wp-block-columns-is-layout-flex\">\n<div class=\"wp-block-column is-vertically-aligned-center is-layout-flow wp-block-column-is-layout-flow\">\n<p class=\"has-black-color has-text-color\"><strong>W\u00ebllkomm Op Eiser Neier Webs\u00e4it SLBC.lu !<\/strong><\/p>\n\n\n\n<hr class=\"wp-block-separator has-css-opacity\"\/>\n\n\n\n<h1 class=\"wp-block-heading has-text-color\" style=\"color:#0c122d\">Pr\u00e9sentation<\/h1>\n\n\n\n<p class=\"has-black-color has-text-color\">\u00c9laborant des recommandations scientifiques en collaboration avec ses diff\u00e9rents partenaires<\/p>\n\n\n\n<p class=\"has-black-color has-text-color\">D\u00e9fendant les int\u00e9r\u00eats de la profession devant les instances gouvernementales, le corps m\u00e9dical et la caisse de maladie.<\/p>\n\n\n\n<p class=\"has-black-color has-text-color\">Entretenant des relations professionnelles entre ses membres et une collaboration entre les diff\u00e9rents laboratoires<\/p>\n\n\n\n<p><\/p>\n\n\n\n<p><\/p>\n\n\n\n<div class=\"wp-block-buttons is-layout-flex wp-block-buttons-is-layout-flex\">\n<div class=\"wp-block-button\"><a class=\"wp-block-button__link wp-element-button\">s<\/a><\/div>\n<\/div>\n<\/div>\n<\/div>\n\n\n\n<p><\/p>\n<\/div><\/div>\n","protected":false},"excerpt":{"rendered":"","protected":false},"author":248,"featured_media":0,"parent":0,"menu_order":0,"comment_status":"closed","ping_status":"closed","template":"template-frontpage.php","meta":{"footnotes":"[]"},"class_list":["post-242","page","type-page","status-publish","hentry"],"aioseo_notices":[],"jetpack_sharing_enabled":true,"_links":{"self":[{"href":"https:\/\/slbc.lu\/index.php?rest_route=\/wp\/v2\/pages\/242","targetHints":{"allow":["GET"]}}],"collection":[{"href":"https:\/\/slbc.lu\/index.php?rest_route=\/wp\/v2\/pages"}],"about":[{"href":"https:\/\/slbc.lu\/index.php?rest_route=\/wp\/v2\/types\/page"}],"author":[{"embeddable":true,"href":"https:\/\/slbc.lu\/index.php?rest_route=\/wp\/v2\/users\/248"}],"replies":[{"embeddable":true,"href":"https:\/\/slbc.lu\/index.php?rest_route=%2Fwp%2Fv2%2Fcomments&post=242"}],"version-history":[{"count":2,"href":"https:\/\/slbc.lu\/index.php?rest_route=\/wp\/v2\/pages\/242\/revisions"}],"predecessor-version":[{"id":998,"href":"https:\/\/slbc.lu\/index.php?rest_route=\/wp\/v2\/pages\/242\/revisions\/998"}],"wp:attachment":[{"href":"https:\/\/slbc.lu\/index.php?rest_route=%2Fwp%2Fv2%2Fmedia&parent=242"}],"curies":[{"name":"wp","href":"https:\/\/api.w.org\/{rel}","templated":true}]}}